{"id":8032,"date":"2025-01-02T12:44:53","date_gmt":"2025-01-02T12:44:53","guid":{"rendered":"http:\/\/www.andancas.net\/site\/?page_id=8032"},"modified":"2025-01-02T12:46:50","modified_gmt":"2025-01-02T12:46:50","slug":"contacts","status":"publish","type":"page","link":"https:\/\/www.andancas.net\/site\/en\/contacts\/","title":{"rendered":"CONTACTS"},"content":{"rendered":"\t\t<div data-elementor-type=\"wp-page\" data-elementor-id=\"8032\" class=\"elementor elementor-8032\" data-elementor-settings=\"{&quot;ha_cmc_init_switcher&quot;:&quot;no&quot;}\">\n\t\t\t\t<div class=\"elementor-element elementor-element-a5df9a9 e-flex e-con-boxed e-con e-parent\" data-id=\"a5df9a9\" data-element_type=\"container\" data-settings=\"{&quot;_ha_eqh_enable&quot;:false}\">\n\t\t\t\t\t<div class=\"e-con-inner\">\n\t\t<div class=\"elementor-element elementor-element-64b2f1a e-con-full e-flex e-con e-child\" data-id=\"64b2f1a\" data-element_type=\"container\" data-settings=\"{&quot;_ha_eqh_enable&quot;:false}\">\n\t\t\t\t<div class=\"elementor-element elementor-element-2a6f33d elementor-widget elementor-widget-text-editor\" data-id=\"2a6f33d\" data-element_type=\"widget\" data-widget_type=\"text-editor.default\">\n\t\t\t\t<div class=\"elementor-widget-container\">\n\t\t\t\t\t\t\t\t\t<p><strong>Andan\u00e7as is a P\u00e9deXumbo Festival<\/strong><\/p><p><strong>P\u00e9deXumbo \u2013 Association for the promotion of Music and Dance<\/strong><\/p><p>Antigos Celeiros da EPAC<br \/>Rua Eborim, 16, 7000-658 \u00c9vora<\/p><p>pedexumbogeral@pedexumbo.com<br \/>Telf. +351 266 732 504<\/p><p><strong>Address for correspondence:<\/strong><br \/>Apartado 2195<br \/>7000-999 \u00c9vora<\/p>\t\t\t\t\t\t\t\t<\/div>\n\t\t\t\t<\/div>\n\t\t\t\t<\/div>\n\t\t<div class=\"elementor-element elementor-element-869c479 e-con-full e-flex e-con e-child\" data-id=\"869c479\" data-element_type=\"container\" data-settings=\"{&quot;_ha_eqh_enable&quot;:false}\">\n\t\t\t\t<div class=\"elementor-element elementor-element-6d3db78 elementor-widget elementor-widget-text-editor\" data-id=\"6d3db78\" data-element_type=\"widget\" data-widget_type=\"text-editor.default\">\n\t\t\t\t<div class=\"elementor-widget-container\">\n\t\t\t\t\t\t\t\t\t<p><strong>General<\/strong><br \/>info@andancas.net<\/p><p><b>Tickets<br \/><\/b>bilheteira@andancas.net<\/p><p><strong>Program\u00a0<\/strong><br \/>programacao@andancas.net<\/p><p><b>Volunteering<br \/><\/b>voluntariado@andancas.net<\/p><p><strong>Market, Restaurants and Bars<br \/><\/strong>tascos.feira@andancas.net<\/p>\t\t\t\t\t\t\t\t<\/div>\n\t\t\t\t<\/div>\n\t\t\t\t<\/div>\n\t\t<div class=\"elementor-element elementor-element-e02cb21 e-con-full e-flex e-con e-child\" data-id=\"e02cb21\" data-element_type=\"container\" data-settings=\"{&quot;_ha_eqh_enable&quot;:false}\">\n\t\t\t\t<div class=\"elementor-element elementor-element-929bbe3 elementor-widget elementor-widget-text-editor\" data-id=\"929bbe3\" data-element_type=\"widget\" data-widget_type=\"text-editor.default\">\n\t\t\t\t<div class=\"elementor-widget-container\">\n\t\t\t\t\t\t\t\t\t<p><strong>Executive Coordination\u00a0<br \/><\/strong>Marta Guerreiro<\/p><p><strong>Production<br \/><\/strong>Alexandra Bravo<\/p><p><strong>Communication<br \/><\/strong>Joana Ricardo<\/p>\t\t\t\t\t\t\t\t<\/div>\n\t\t\t\t<\/div>\n\t\t\t\t<\/div>\n\t\t\t\t\t<\/div>\n\t\t\t\t<\/div>\n\t\t\t\t<\/div>\n\t\t","protected":false},"excerpt":{"rendered":"<p>Andan\u00e7as is a P\u00e9deXumbo Festival P\u00e9deXumbo \u2013 Association for the promotion of Music and Dance Antigos Celeiros da EPACRua Eborim, 16, 7000-658 \u00c9vora pedexumbogeral@pedexumbo.comTelf. +351 266 732 504 Address for correspondence:Apartado 21957000-999 \u00c9vora Generalinfo@andancas.net Ticketsbilheteira@andancas.net Program\u00a0programacao@andancas.net Volunteeringvoluntariado@andancas.net Market, Restaurants and Barstascos.feira@andancas.net Executive Coordination\u00a0Marta Guerreiro ProductionAlexandra Bravo CommunicationJoana Ricardo<\/p>\n","protected":false},"author":1,"featured_media":0,"parent":0,"menu_order":0,"comment_status":"closed","ping_status":"closed","template":"","meta":{"_uf_show_specific_survey":0,"_uf_disable_surveys":false,"footnotes":""},"class_list":["post-8032","page","type-page","status-publish","hentry"],"aioseo_notices":[],"_links":{"self":[{"href":"https:\/\/www.andancas.net\/site\/wp-json\/wp\/v2\/pages\/8032","targetHints":{"allow":["GET"]}}],"collection":[{"href":"https:\/\/www.andancas.net\/site\/wp-json\/wp\/v2\/pages"}],"about":[{"href":"https:\/\/www.andancas.net\/site\/wp-json\/wp\/v2\/types\/page"}],"author":[{"embeddable":true,"href":"https:\/\/www.andancas.net\/site\/wp-json\/wp\/v2\/users\/1"}],"replies":[{"embeddable":true,"href":"https:\/\/www.andancas.net\/site\/wp-json\/wp\/v2\/comments?post=8032"}],"version-history":[{"count":0,"href":"https:\/\/www.andancas.net\/site\/wp-json\/wp\/v2\/pages\/8032\/revisions"}],"wp:attachment":[{"href":"https:\/\/www.andancas.net\/site\/wp-json\/wp\/v2\/media?parent=8032"}],"curies":[{"name":"wp","href":"https:\/\/api.w.org\/{rel}","templated":true}]}}